e factors of s?
3, 463
Suppose -5*w - 383719 = -21*w - 25*w. List the prime factors of w.
7, 191
Let l(v) = -4*v + 18*v**2 + 28*v**2 + 6*v - 4. List the prime factors of l(4).
2, 5, 37
Let y = 7367 + -7381. Let a(h) = 8*h**2 + 13*h + 15. Let w(g) = -g**2 + g - 1. Let u(s) = a(s) + 6*w(s). What are the prime factors of u(y)?
3, 5
Suppose 0 = -2*a + a + 4. Suppose -a*u = 4*x - 1064, -3*u + 1922 = 5*x + 600. List the prime factors of x.
2, 131
Suppose 185*y - 34241850 = -238*y. List the prime factors of y.
2, 5, 1619
Suppose 1238 = 2*g + m - 4879, -g + 3*m + 3048 = 0. List the prime factors of g.
3, 1019
Let y = -34 + 41. Let i = 10 - y. Suppose n = 3*b - 11 - 166, 3*b - i*n - 183 = 0. List the prime factors of b.
2, 29
Let j(z) = 220*z**2 - 14*z - 107. List the prime factors of j(-4).
3469
Let x(u) = u**2 - 48*u - 2194. List the prime factors of x(84).
2, 5, 83
Let t(j) = j**3 + 8*j**2 - 11*j + 4. Let a be (-141)/2 + (-18)/(-12)*-1. Let h = 63 + a. What are the prime factors of t(h)?
2, 11
What are the prime factors of (6/7)/((-534)/(-361340))?
2, 5, 29
Let x = 725 + -1390. Let w = -344 - x. List the prime factors of w.
3, 107
Let q(o) = -555*o**3 - 7*o**2 - 34*o - 66. List the prime factors of q(-3).
2, 3, 277
Suppose 4*a - 1744 = -2*x, 21*x - a - 1744 = 19*x. What are the prime factors of x?
2, 109
Suppose 2*p + 28 = 6*p. Let q be (-5)/(-30) + (11081/6)/p. Suppose -3*v = -3*x - q, -3*x + 264 = -0*v + 3*v. What are the prime factors of v?
2, 11
Let a(l) = 3271*l**2 - 10*l + 22. What are the prime factors of a(2)?
2, 3, 727
Let p = 1037 + -669. Let m = -218 + p. Let a = -65 + m. What are the prime factors of a?
5, 17
Let t(z) = -1285*z - 1639. List the prime factors of t(-19).
2, 3, 13, 73
Suppose -4*x - 2*z = -32914, -4*x + 3537 = 4*z - 29387. List the prime factors of x.
2, 3, 457
Let q = -160472 - -225838. What are the prime factors of q?
2, 7, 23, 29
Suppose -50 = -6*a + 100. Suppose -2*i = -2 - 0, -4*j + a = -3*i. Suppose -j*l - 19 = -96. What are the prime factors of l?
11
Suppose 3*m - 5500 = -5*r - 946, -3036 = -2*m + 4*r. List the prime factors of m.
2, 3, 11, 23
List the prime factors of (-449688)/(-120) - 8/20.
3, 1249
Let b(v) = -8*v**3 - 3*v**2 + 3*v. Let h be b(-3). Suppose 0 = -6*y + 3*y + h. Let t = y + 47. What are the prime factors of t?
107
Let y = 33536 - 30599. List the prime factors of y.
3, 11, 89
Let v be ((-118)/(-3))/(42/1449). Suppose 2*c - t - v = 1105, -2*t - 2460 = -2*c. List the prime factors of c.
2, 7, 11
Suppose s + 876*g - 17807 = 881*g, -71396 = -4*s - 4*g. List the prime factors of s.
2, 11, 811
Let u be (-1)/(1/(5 + -2)). Let m be (-572)/u + 6/(-9). Suppose -2*l = 2, m = 5*p + 2*l - 78. What are the prime factors of p?
2, 3
Suppose 5*s + 12 = -0*o + 2*o, 0 = o - 5*s - 1. Let b(d) = 2 + 13*d - d**2 - o*d - 5*d + 15*d**3. What are the prime factors of b(2)?
2, 7
Suppose -3*o + 190 = 3*w - 52418, -3*w + 52608 = -5*o. What are the prime factors of w?
2, 137
Let p(f) = -77*f**3 - f**2 - 2*f. Let b be p(-1). Let q = 82 - b. Suppose q*t - 268 = -36. What are the prime factors of t?
2, 29
Suppose -8311 = 5*p - 1216. Let y = -820 - p. List the prime factors of y.
599
Suppose 215*q + 2339055 = 260*q. List the prime factors of q.
59, 881
What are the prime factors of ((-10)/8)/(215/(-1268328))?
2, 3, 1229
Let h(w) be the first derivative of 21*w**2/2 - 51*w + 37. List the prime factors of h(14).
3
Let m = -3583 - -4786. List the prime factors of m.
3, 401
Let o(r) = 18*r - 5. Let v be o(6). Suppose -236 = -3*q - i, 25*q - 22*q - 226 = i. Let s = v - q. What are the prime factors of s?
2, 13
Suppose 802 = 10*k - 5268. List the prime factors of k.
607
Let j = -65 + -10. Suppose 16*x = 15*x + 123. Let c = j + x. What are the prime factors of c?
2, 3
Suppose -3*k = -2*t - 2*t + 14, -k - 8 = -2*t. Suppose -459 = t*b + 16. Let j = 13 - b. List the prime factors of j.
2, 3
Let d(y) be the third derivative of -y**6/120 - y**5/3 - 7*y**4/4 - 17*y**3/6 + 12*y**2. Let n be d(-19). Let t = n - 278. What are the prime factors of t?
2, 71
Let v(x) = 497*x**2 - 18*x - 42. What are the prime factors of v(-4)?
2, 13, 307
Let l(v) = 458*v**3 - 12*v**2 + 16*v + 18. Let w(d) = 229*d**3 - 6*d**2 + 8*d + 10. Let h(n) = 6*l(n) - 11*w(n). What are the prime factors of h(1)?
229
Suppose 0 = -47*w + 5*w - 26*w + 2349400. List the prime factors of w.
2, 5, 691
Let a(u) = u. Let g be a(18). List the prime factors of (-352)/10*(g/(-12) + -6).
2, 3, 11
Suppose -5*h - 3*d = -0*h - 19, -3*d + 15 = 3*h. Suppose -5*n = -g + 6*g - 520, h*n = 3*g - 337. List the prime factors of g.
109
Suppose 5084 = 11*j + 244. Let l = 54 + j. What are the prime factors of l?
2, 13, 19
Let j(u) = -3*u**3 + 5*u**2 - 3*u - 6. Let b be j(-3). Suppose 0 = -5*h - 0*h - 3*f + 673, -5*f = -h + b. What are the prime factors of h?
2, 67
Suppose 2*f - 4*d - 8084 = 0, 0 = 4*f - 0*d - 4*d - 16172. Suppose 23*p - f = 10193. What are the prime factors of p?
619
Let h = 27 - 23. Let s(f) = 31*f**2 + 6*f + 4. What are the prime factors of s(h)?
2, 131
Let t = 157306 + -78001. List the prime factors of t.
3, 5, 17, 311
Suppose -2*m + 174 = -4*m. Let j = -30 - m. Suppose -x + 14 = -j. What are the prime factors of x?
71
Suppose 4 = -r, 4*r + r - 297 = -c. Let g = -213 + c. What are the prime factors of g?
2, 13
What are the prime factors of (43/(-86))/((-2)/70600)?
2, 5, 353
Let a(k) = -1403*k + 94. What are the prime factors of a(-22)?
2, 3, 5, 43
Suppose -89 + 117 = -4*y. Let f be (1 + 2/(-4))*(y - -5). List the prime factors of 28 + f/(1/(-4)).
2
Let w(d) = 3*d**3 + 12*d**2 + 6*d - 4. Let z be (-2)/11 - (-682)/(-242). What are the prime factors of w(z)?
5
Let l be (663/65)/(4 + (-79)/20). Suppose -128 + 1145 = 5*d + 4*m, d - l = -m. List the prime factors of d.
3, 67
Suppose s = 3, -3*l = -0*l + 2*s - 3444. Suppose 6*t - 798 - l = 0. What are the prime factors of t?
2, 3
Let w(c) = -c**2 + 5*c + 22. Let p be w(10). Let q = p + 30. Suppose -2*i = 2*o - 92, -3*o = -3*i + q*i + 66. List the prime factors of i.
3, 17
Suppose 4*u = n + 216, 2*n - u + 374 = -58. Let p = 250 - n. What are the prime factors of p?
2, 233
Suppose 0 = 2*w, -i + 5*w = -9367 + 1413. What are the prime factors of i?
2, 41, 97
Let r be (2 + 14/(-9))/((-14)/(-63)). Let h(w) = -2*w**2 - 5*w + 16. Let g be h(r). What are the prime factors of ((-41)/g)/(-2 + (-10)/(-4))?
41
Let r = 8 - 78. Let j = r - -75. Suppose w - j*y = -3*w + 22, -3*y + 6 = 0. List the prime factors of w.
2
Let b = -4329 + 10895. List the prime factors of b.
2, 7, 67
Let c(b) = b**2 + 19*b + 16. Let y be c(-19). Suppose -67 = -4*w + 5*p + y, 0 = -3*p + 15. Let n = w - -89. List the prime factors of n.
2, 29
Let l = -110 - -306. Let a(y) = -15*y**3 + 2*y**2 + 2. Let s be a(2). Let b = l + s. List the prime factors of b.
2, 43
Suppose -p + 131 = 3*m, -2*m - p + 98 = -3*p. Suppose 20*v - m = 23*v. List the prime factors of v*(16/(-24) + 0/(-2)).
2, 5
Suppose 32 = 2*w + 28. Let o be -10*(w - -3)/(-5). List the prime factors of 3 - 185/o*-6.
2, 3, 19
Suppose -2*k + 3*c + 1496 = -70, 0 = -k + 2*c + 785. Let f = k - 251. What are the prime factors of f?
2, 263
Let d be 12/14*-49*(-1)/1. Let l be 246/d + 1/7. Suppose -3*u - 270 = -l*u. List the prime factors of u.
2, 3, 5
Suppose -26*g + 22249 = 2*b - 23*g, -44465 = -4*b + 5*g. List the prime factors of b.
2, 5, 139
Let o = -38 + 139. Let l = o + 21. List the prime factors of l.
2, 61
Let l(p) = -8 + 9*p + 9*p - 3 + 7*p**2 - 5*p**2. Let k be l(-17). Suppose 4*d = -c + k, c = 5*d + 3*c - 330. What are the prime factors of d?
2
Let o = 8945 - 922. What are the prime factors of o?
71, 113
Suppose m - 4*p - 3676 = 0, 33*p = -2*m + 32*p + 7307. What are the prime factors of m?
2, 457
List the prime factors of ((-6436)/3*648/1152)/((-2)/16).
2, 3, 1609
Let h(n) = -25*n**3 + 3*n**2 - 32*n - 20. Let f(u) = 13*u**3 - u**2 + 16*u + 10. Let o(b) = -5*f(b) - 3*h(b). What are the prime factors of o(5)?
2, 5, 31
Let i(z) = 2*z - 10. Let p(k) = 5*k - 19. Let r(u) = 5*i(u) - 3*p(u). Let o(q) = -10*q - 554. Let b be o(-55). What are the prime factors of r(b)?
3
What are the prime factors of 1/(-5) - 69972/(-10)?
6997
Suppose 3*z = -0*z - l + 2360, -z = 5*l - 782. Suppose 4*n = x + z + 1085, -487 = -n + 5*x. What are t